 a(6).
13
Let n(i) = 5*i + 30. Let k(a) = 2*a + 9. Let l(j) = 7*k(j) - 2*n(j). Calculate l(10).
43
Let u(d) be the second derivative of d**6/360 + d**5/60 - d**4/6 + d**3/2 + d. Let r(g) be the second derivative of u(g). Suppose -z - 2 - 2 = 0. Give r(z).
4
Let b(u) = -25*u**3 - 11*u**2 + 37*u + 15. Let i(j) = -13*j**3 - 5*j**2 + 17*j + 7. Let a(f) = 6*b(f) - 13*i(f). What is a(1)?
18
Let a(g) = -21*g + 19. Let b(f) = -45*f + 38. Let q(r) = 13*a(r) - 6*b(r). Calculate q(6).
1
Let p = -889 - -892. Let d(r) be the first derivative of -2/3*r**p + r - 6 - r**2. What is d(-3)?
-11
Let t(o) = -3*o - 9. Let j be t(-4). Let c(g) = g**3 - 3*g**2 + g - 4. Give c(j).
-1
Let j(g) = -g + 9. Suppose -41 = -37*v + 34*v - o, -2*v - 2*o + 30 = 0. Determine j(v).
-4
Let b(i) = -8*i**2 + 2*i + 1. Let c = -12 + 21. Let k be 2 + c/(-7 + 4). Determine b(k).
-9
Let s(r) be the third derivative of r**5/120 - r**4/12 - 10*r**3/3 - 11*r**2. Let k(u) be the first derivative of s(u). Calculate k(-3).
-5
Suppose -u - 25 - 14 = -3*n, -104 = 4*u + n. Let p = 32 + u. Let s(a) = -a**3 + 6*a**2 - 5*a + 1. Determine s(p).
1
Let w(k) be the first derivative of -6*k**2 - 4*k + 177. What is w(-1)?
8
Let a be (-13)/(1*-6*1/(-6)). Let x(v) = -v + 7. What is x(a)?
20
Suppose 4*k - 2 = 2. Let i = 2 + k. Let w(p) = p**2 - 7*p + 1. Let a(b) = -b**2 + 6*b - 2. Let o(v) = i*a(v) + 2*w(v). Calculate o(5).
-9
Let a(n) = -2*n - 1. Let b be 12/(-9)*9/(-12)*2. Calculate a(b).
-5
Let t(m) = -m**3 - 14*m**2 - 14*m - 11. Let p = -1357 + 1344. Give t(p).
2
Let y(c) = c**2 - 2*c - 10. Suppose 4*q - 5 + 32 = -3*f, 5*f + q = -28. What is y(f)?
25
Suppose 0 = c + 2*c + o + 3, -2*c - 3*o = -5. Let h(l) = 7*l + 2. What is h(c)?
-12
Let z(o) be the second derivative of 0 + 0*o**3 + 0*o**2 + 11*o + 0*o**4 - 11/10*o**5. Give z(1).
-22
Let a(q) = q + 9. Let k(m) = m**3 + 20*m**2 - 23*m - 52. Let j be k(-21). What is a(j)?
-1
Let f(k) = -6*k**3 - k**2 + 1. Let y = 2807 + -2808. Calculate f(y).
6
Let g(o) = 9*o**3 - 10*o**2 - 12*o + 2. Let d(c) = 25*c**3 - 29*c**2 - 37*c + 8. Let j(b) = -4*d(b) + 11*g(b). Calculate j(8).
-10
Let i be 1/(3/(-10))*30/(-25). Let s(b) = -b**2 + 9*b - 2. Let h(g) = g**2 - 8*g + 1. Let l(k) = -7*h(k) - 6*s(k). What is l(i)?
-3
Let f = -3 + -2. Let q = -24 - -26. Let z(x) = -8 + q + 1 + x. Give z(f).
-10
Suppose -w = -4*w. Suppose -6*a = -w*a + 6. Let h(s) = 6*s**3 + s + 1. Give h(a).
-6
Let h(f) = -f**2 - 53*f - 203. Let a be h(-49). Let y(r) = r**2 + 10*r + 15. Calculate y(a).
-6
Let x(g) = g**3 + 2*g**2 - 11*g - 6. Let y(o) = -o**3 - 5*o**2 + 28*o + 94. Let f be y(-7). Determine x(f).
6
Let k(l) = -2*l - 3. Let w be ((-42)/(-14))/(0 + (-3)/(-4)). Calculate k(w).
-11
Let h(p) = 2*p**2 + 2*p - 1. Let w = -31 - -33. Let q be 2 + w/4*-2. What is h(q)?
3
Let n(h) = -9*h + 1. Suppose 15 - 1 = 14*c. Give n(c).
-8
Let d = 256 - 260. Let a(u) = 8*u - 1. Calculate a(d).
-33
Let d(s) = 3 + 0*s - 4*s + s. Let f be ((-2)/5)/(40/(-500)). Let w(u) = u**3 - 4*u**2 - 3*u - 7. Let r be w(f). Calculate d(r).
-6
Let j(o) = -7*o - 6. Let q(w) = 6*w + 6. Let m(x) = 5*j(x) + 6*q(x). Suppose -4*k - 3*v + v = -30, 0 = k - 2*v + 5. Let s be 252/(-45) + (-2)/k. Determine m(s).
0
Let v(p) be the first derivative of p**2/2 + 12*p - 383. Calculate v(15).
27
Let f(v) = -2*v + 5. Suppose -q - 14 = -5*w - 38, -2*w + 30 = 4*q. Let x be 70/15 + 3/q. Determine f(x).
-5
Let t = -653 - -653. Let v(b) = -9*b + 2. Determine v(t).
2
Let x(i) be the first derivative of i**2/2 - i + 5. Let c be x(-6). Let t(k) = k**2 + 8*k + 5. Calculate t(c).
-2
Let r(l) be the second derivative of -l**7/840 + l**6/72 + l**5/20 - 7*l**4/24 + 3*l**3 - 30*l. Let t(s) be the second derivative of r(s). Give t(6).
-7
Suppose -l - m - 5 = -2*l, -4*m - 4 = 0. Let x(c) = 8*c + 5*c**2 + 38*c - 2*c**2 - c**3 - 42*c. What is x(l)?
0
Suppose -7*j - 7 = -21. Let n(i) be the first derivative of -i**2 - 2*i + 17. What is n(j)?
-6
Let k(n) be the first derivative of -1/3*n**3 + 11 - 2*n - 3*n**2. Give k(-5).
3
Let s(w) be the third derivative of -7*w**5/10 - 128*w**2. Determine s(1).
-42
Suppose -9*w + 17 = -46. Let x(a) = -6 - 51*a + 10*a**2 + w + 50*a. Let m be 1 + -1 - (-2 - -1). Calculate x(m).
10
Let z(r) be the first derivative of r**2/2 + 4*r + 16. Determine z(6).
10
Let o be (-10)/(-4) + (-2)/(-4). Let h(v) = -2*v**3 - 4*v**2 - 3*v + 4. Let f(p) = 3*p**3 + 4*p**2 + 4*p - 5. Let t(r) = 3*f(r) + 4*h(r). Determine t(o).
-8
Let f(y) = -y**3 + 9*y**2 + 4*y - 33. Let c be f(9). Let j(i) = i + 13. Calculate j(c).
16
Suppose -10*w + 11*w = -2. Let t = 12 + -9. Let f(a) = 0*a**3 + 0*a**t + 2 + 2*a**3 - 4 + 3*a**2. Determine f(w).
-6
Let x(z) = 2*z + 17. Let t = 356 - 361. Calculate x(t).
7
Let o(p) = 2*p**3 + 3*p - p**3 + 3*p**2 + 0*p**3 + 3*p**2 - 4. Let j(r) = r**3 - 15*r**2 + 25*r + 8. Let d be j(13). Determine o(d).
6
Let z(t) = 15*t**2 - 2*t - 7. Suppose -3*a = 5*d + 42, 0 = -0*d + 4*d + 3*a + 36. Let m(h) = -14*h**2 + 2*h + 6. Let k(o) = d*m(o) - 5*z(o). What is k(-1)?
10
Let s(x) = -4 - x**2 - 2*x + 3*x**2 - x**2. Suppose -v = -41*v - 120. What is s(v)?
11
Let x = -119 - -70. Let w = 81 + x. Let l be (w/40)/(1/(-5)). Let q(d) = -3*d - 3. Determine q(l).
9
Let y(k) = 45*k + 806. Let p be y(-18). Let q(g) = -2*g - 8. Calculate q(p).
0
Suppose -t - 30 - 22 = -4*q, 0 = -t. Let v(x) = 4*x - 11. Let d(w) = 2*w - 5. Let h(p) = q*d(p) - 6*v(p). Suppose -11*c + 10 = -12. What is h(c)?
5
Let h(w) = -7*w + 39. Let l = -691 - -696. Calculate h(l).
4
Let m(n) = -1 - 4*n**2 + 3*n**2 - n**2 + n**3 - 30*n + 24*n. Give m(4).
7
Let x be ((-2)/(-5))/(4/20). Suppose 4 = x*u - 0*u. Suppose -5*w = h - 22, -u*w - 20 = -2*h - 4*w. Let k(f) = -f**3 + 8*f**2 - 8*f - 1. What is k(h)?
-8
Suppose 3*v - 26 = -14. Let r(p) = p**2 - 5*p + 2. Calculate r(v).
-2
Let d(r) be the second derivative of -r**3/6 - 9*r**2 + 6*r - 5. Determine d(0).
-18
Let s(j) be the second derivative of -j**3/6 + 2*j**2 - 2*j. Let v be s(4). Let t(a) = 1 + v + 0 + a + 0*a. Determine t(1).
2
Suppose -3*h = -6 - 0. Let k = -13 + 9. Let p(b) = -b**2 + 2*b + 2. Let j(z) = -2*z**2 + 3*z + 2. Let c(t) = k*j(t) + 5*p(t). Give c(h).
10
Let c(t) = 3*t - 69. Let m be c(23). Let p(f) = -f**2 + 9*f - 2. Let k be p(8). Let a(y) = 6 - y**3 - y**2 - y - k - 2. What is a(m)?
-2
Let i = 108 + -104. Let v(o) be the first derivative of -1/4*o**i + 4*o**2 - 6*o + 5/3*o**3 + 5. Determine v(6).
6
Let v(s) be the third derivative of s**4/24 + 5*s**3/6 - 2*s**2. What is v(-13)?
-8
Let s(p) = 4*p - 1. Let a be s(3). Let y = -9 + a. Let z(o) = 0*o**y + o - o**2 - 3*o. What is z(-1)?
1
Let d(c) = -5*c**2 + c - 4. Let a(u) = -14*u**2 + 3*u - 11. Let r(s) = 6*a(s) - 17*d(s). Let y(b) = 2 - 4*b - 3 + 0*b + 2. Let j be y(1). Calculate r(j).
8
Let f(h) be the second derivative of -h**3/3 - h. Let l(d) = d - 20. Let p be l(22). Determine f(p).
-4
Let x(h) = 2*h**3 - 2*h**2 + 1. Suppose -3*p = p - 16. Suppose 11 = 4*f - 7*f + p*s, 4*s - 12 = 4*f. Give x(f).
-3
Let r(n) = 14*n**3 + 23*n**2 - 7*n + 4. Let y(k) = 3*k**3 + 6*k**2 - 2*k + 1. Let j(h) = -2*r(h) + 9*y(h). Give j(7).
22
Let r(y) = 21*y + 7. Let i(x) = -23*x - 9. Let w(s) = -4*i(s) - 5*r(s). What is w(2)?
-25
Let x(i) = -i**2 - i + 15. Let z = -86 + 86. Calculate x(z).
15
Let v(n) = n**2. Let z(m) = m + 4*m**2 + 2133 - 2133. Let o(b) = b**3 + 4*b**2 - 5*b + 3. Let c be o(-5). Let l(p) = c*v(p) - z(p). Calculate l(3).
-12
Let i(f) = -f**2 + 4*f + 3. Suppose 3*y = 4*c - 144, -c + 153 = 4*c + 3*y. Suppose c - 1 = -2*n. Let t be ((-10)/3)/(n/24). Determine i(t).
-2
Suppose 20 = -2*u + 6. Let h(m) be the first derivative of -5/2*m**2 + 8*m - 28 - 1/3*m**3. What is h(u)?
-6
Let x(o) = o**2 + 14*o - 13. Let z be x(-15). Let l(w) = -4 - 5*w + 8*w**2 + 2*w**z - 11*w**2. Let u = 2 + -5. Calculate l(u).
2
Let x = 204 + -195. Let m(y) = y**3 - 10*y**2 + 8*y + 7. What is m(x)?
-2
Let b(r) = r + 2. Let s(y) = 2*y + 6. Let x(k) = -6*b(k) + 2*s(k). What is x(-8)?
16
Let t be (3/1)/((-9)/(-30)). Let a(m) = -4*m**3 - 9*m**2 - 9*m - 9. Let d(c) = c**3. Let o(z) = -a(z) - 5*d(z). Calculate o(t).
-1
Suppose 4*i - 11 + 83 = 0. Let q = i + 16. Let z(j) = -2*j**3 - 4*j**2 - 3*j. What is z(q)?
6
Let m(d) = 2*d - 3. Let a(z) = -2*z**2 - 5*z + 27. Let v(f) = a(f) + 6*m(f). Calculate v(8).
-63
Let j(